ed by 499.
11
What is the remainder when 73216 is divided by 34?
14
Calculate the remainder when 5527 is divided by 399.
340
Calculate the remainder when 7682 is divided by 197.
196
What is the remainder when 392286 is divided by 12?
6
What is the remainder when 10693 is divided by 1186?
19
Calculate the remainder when 52740 is divided by 152.
148
What is the remainder when 434 is divided by 37?
27
Calculate the remainder when 63770 is divided by 149.
147
What is the remainder when 625897 is divided by 50?
47
Calculate the remainder when 88229 is divided by 107.
61
Calculate the remainder when 45116 is divided by 921.
908
What is the remainder when 6166 is divided by 1541?
2
Calculate the remainder when 26130 is divided by 45.
30
What is the remainder when 295390 is divided by 4923?
10
What is the remainder when 401615 is divided by 1071?
1061
What is the remainder when 1677 is divided by 854?
823
What is the remainder when 1805324 is divided by 25?
24
Calculate the remainder when 82653 is divided by 164.
161
Calculate the remainder when 997849 is divided by 166306.
13
What is the remainder when 3178 is divided by 583?
263
Calculate the remainder when 853134 is divided by 1136.
1134
Calculate the remainder when 8955 is divided by 55.
45
Calculate the remainder when 11521 is divided by 1154.
1135
Calculate the remainder when 1128 is divided by 375.
3
Calculate the remainder when 24728 is divided by 406.
368
What is the remainder when 764 is divided by 20?
4
What is the remainder when 13546 is divided by 6757?
32
What is the remainder when 29094 is divided by 9686?
36
Calculate the remainder when 2609856 is divided by 399.
396
Calculate the remainder when 27944 is divided by 69.
68
What is the remainder when 6123 is divided by 1495?
143
What is the remainder when 1317 is divided by 38?
25
What is the remainder when 12088 is divided by 1491?
160
What is the remainder when 13756 is divided by 245?
36
Calculate the remainder when 58606 is divided by 333.
331
Calculate the remainder when 6179 is divided by 2044.
47
Calculate the remainder when 17620 is divided by 922.
102
What is the remainder when 503411 is divided by 100680?
11
Calculate the remainder when 29755 is divided by 86.
85
Calculate the remainder when 1647 is divided by 5.
2
Calculate the remainder when 505115 is divided by 154.
149
Calculate the remainder when 50832 is divided by 155.
147
What is the remainder when 7936 is divided by 565?
26
Calculate the remainder when 1050 is divided by 374.
302
Calculate the remainder when 283500 is divided by 213.
210
Calculate the remainder when 362041 is divided by 140.
1
What is the remainder when 105382 is divided by 5?
2
Calculate the remainder when 71019 is divided by 20.
19
What is the remainder when 1753 is divided by 84?
73
Calculate the remainder when 9234 is divided by 38.
0
What is the remainder when 141596 is divided by 37?
34
Calculate the remainder when 186504 is divided by 46622.
16
Calculate the remainder when 102993 is divided by 4290.
33
Calculate the remainder when 51326 is divided by 713.
703
Calculate the remainder when 160808 is divided by 11.
10
Calculate the remainder when 533 is divided by 256.
21
Calculate the remainder when 100581 is divided by 565.
11
Calculate the remainder when 25017 is divided by 60.
57
Calculate the remainder when 89605 is divided by 4265.
40
Calculate the remainder when 338111 is divided by 33.
26
What is the remainder when 627148 is divided by 1695?
1693
Calculate the remainder when 33599 is divided by 120.
119
Calculate the remainder when 2025 is divided by 2004.
21
Calculate the remainder when 289 is divided by 116.
57
What is the remainder when 2030 is divided by 373?
165
What is the remainder when 1910161 is divided by 37?
36
Calculate the remainder when 2734 is divided by 736.
526
What is the remainder when 21603 is divided by 7194?
21
Calculate the remainder when 164766 is divided by 542.
540
Calculate the remainder when 1914 is divided by 15.
9
Calculate the remainder when 26853 is divided by 358.
3
What is the remainder when 4047 is divided by 403?
17
What is the remainder when 9865 is divided by 1972?
5
Calculate the remainder when 93689 is divided by 16.
9
What is the remainder when 12263 is divided by 373?
327
What is the remainder when 335780 is divided by 37308?
8
Calculate the remainder when 9402 is divided by 64.
58
What is the remainder when 20977 is divided by 2326?
43
Calculate the remainder when 1059660 is divided by 435.
0
Calculate the remainder when 27193 is divided by 185.
183
What is the remainder when 3761036 is divided by 866?
864
What is the remainder when 1748 is divided by 860?
28
Calculate the remainder when 2428 is divided by 881.
666
What is the remainder when 20666 is divided by 130?
126
What is the remainder when 58835 is divided by 43?
11
What is the remainder when 312887 is divided by 100?
87
Calculate the remainder when 494 is divided by 38.
0
Calculate the remainder when 4516 is divided by 3877.
639
Calculate the remainder when 161536 is divided by 41.
37
Calculate the remainder when 177757 is divided by 44437.
9
What is the remainder when 31121 is divided by 249?
245
Calculate the remainder when 100490 is divided by 25115.
30
Calculate the remainder when 2055 is divided by 161.
123
What is the remainder when 35417 is divided by 25?
17
Calculate the remainder when 436 is divided by 409.
27
What is the remainder when 41 is divided by 31?
10
What is the remainder when 3526 is divided by 118?
104
What is the remainder when 10605 is divided by 756?
21
What is the remainder when 8641 is divided by 10?
1
What is the remainder when 6221 is divided by 44?
17
Calculate the remainder when 40216 is divided by 529.
12
Calculate the remainder when 40924 is divided by 47.
34
Calculate the remainder when 7439 is divided by 92.
79
Calculate the remainder when 5384 is divided by 591.
65
Calculate the remainder when 31687 is divided by 660.
7
What is the remainder when 147464 is divided by 261?
260
What is the remainder when 3382 is divided by 102?
16
What is the remainder when 12814 is divided by 610?
4
Calculate the remainder when 1594 is divided by 336.
250
What is the remainder when 26598 is divided by 56?
54
Calculate the remainder when 129707 is divided by 545.
542
Calculate the remainder when 12718 is divided by 847.
13
Calculate the remainder when 9224 is divided by 225.
224
What is the remainder when 2455 is divided by 17?
7
What is the remainder when 59258 is divided by 85?
13
Calculate the remainder when 385411 is divided by 2658.
1
What is the remainder when 45709 is divided by 161?
146
Calculate the remainder when 2877 is divided by 680.
157
Calculate the remainder when 1465 is divided by 845.
620
Calculate the remainder when 62937 is divided by 20927.
156
What is the remainder when 14520 is divided by 4487?
1059
Calculate the remainder when 68327 is divided by 301.
0
Calculate the remainder when 311599 is divided by 304.
303
Calculate the remainder when 488 is divided by 5.
3
What is the remainder when 695471 is divided by 28?
7
Calculate the remainder when 1757 is divided by 169.
67
Calculate the remainder when 349729 is divided by 43716.
1
What is the remainder when 36369 is divided by 805?
144
Calculate the remainder when 22684 is divided by 140.
4
What is the remainder when 15344 is divided by 346?
120
Calculate the remainder when 4589 is divided by 58.
7
Calculate the remainder when 23363 is divided by 2114.
109
What is the remainder when 161986 is divided by 17995?
31
What is the remainder when 27527 is divided by 27374?
153
What is the remainder when 2844 is divided by 21?
9
What is the remainder when 22539 is divided by 829?
156
Calculate the remainder when 159823 is divided by 112.
111
Calculate the remainder when 12143 is divided by 1208.
63
Calculate the remainder when 16715 is divided by 397.
41
Calculate the remainder when 49238 is divided by 27.
17
What is the remainder when 2232 is divided by 137?
40
What is the remainder when 450854 is divided by 9?
8
What is the remainder when 13986 is divided by 50?
36
What is the remainder when 221685 is divided by 18?
15
What is the remainder when 64529 is divided by 538?
507
Calculate the remainder when 11